/6. Suppose y - x = 8, 4*y + x + x = z. List the prime factors of y.
2, 3
Let q be 0 - 6 - (-3 + 4). Let s = q + 7. List the prime factors of 2 - s*1/(-3).
2
Let u = -24 + 52. Let c = -19 + u. What are the prime factors of c + 0 + -3 + 1?
7
Let t = -33 + 57. List the prime factors of t.
2, 3
Let j = -106 - -424. List the prime factors of j.
2, 3, 53
Let v = 94 + -30. List the prime factors of v.
2
What are the prime factors of (2 - 2/2)*506/22?
23
Suppose 0 = w - 5*w - 12. What are the prime factors of 14 + w/1 - -3?
2, 7
Let z = 35 + -24. What are the prime factors of z?
11
Let x = 417 + -137. List the prime factors of x.
2, 5, 7
What are the prime factors of 3/(-5 - (-5165)/1030)?
2, 103
Suppose 2*t + 4*r = 350, -5*t - 3*r - 10 = -878. List the prime factors of t.
173
Suppose 3*w + 8 = 14. What are the prime factors of w?
2
Let y = -18 + -11. Let n = -8 - y. What are the prime factors of n?
3, 7
Let s(k) = 2*k**3 - 3*k**2 - k + 1. What are the prime factors of s(3)?
5
Let s(q) = q**2 - 8*q + 11. Let y be s(9). Suppose 3*r - 13 - y = 0. What are the prime factors of r?
11
Let h = -5 - -35. List the prime factors of h.
2, 3, 5
Suppose -h + 4*h = 114. Let q = -21 + h. What are the prime factors of q?
17
Suppose -13*o + 14*o - 226 = 0. List the prime factors of o.
2, 113
Let y = 30 + 98. What are the prime factors of y?
2
Suppose -z + i + 8 = 0, i = 2*z - 4*i - 13. Suppose -1 = -2*d + 7. Suppose j = d*j - z. What are the prime factors of j?
3
Let t be (3 + -2)*43 + -1. Suppose 5*s - 2*f = f + 123, -2*s = -3*f - t. List the prime factors of s.
3
Let k(a) = a**2 + 25*a + 6 - 27*a + 0*a**2. List the prime factors of k(4).
2, 7
Let p(k) = -k**3 + 7*k**2 + k - 1. Let w be p(7). Let a be (-120)/21 + w/(-21). Let t = 18 + a. What are the prime factors of t?
2, 3
Let x(w) = 38*w**3. What are the prime factors of x(1)?
2, 19
Suppose 2*n = b + 8, 5*n - 14 = b - 0*b. Let l = b + 8. What are the prime factors of 6/(-4)*l/(-3)?
2
Let v(b) = 34*b**2 - b - 1. List the prime factors of v(-1).
2, 17
Suppose -290 = -4*v - 102. Let z = -31 + v. List the prime factors of z.
2
Let z(d) = -d**3 - 6*d**2 - 13*d - 3. List the prime factors of z(-6).
3, 5
Suppose -5*r - 12 + 32 = 0. Suppose s + r = y, 3*y + 24 = -4*s + s. What are the prime factors of 15/2 + 3/s?
7
Let t = 4 + -5. List the prime factors of (t/2)/(1/(-22)).
11
Let m be ((-9)/6)/((-3)/8). Suppose -m*a = -0*a - 16. Suppose a*o - 13 - 29 = -i, -5*o + 4*i + 63 = 0. What are the prime factors of o?
11
Let d = 477 + -289. What are the prime factors of d?
2, 47
Let t(q) = 2*q**3 + 5*q**2 - 4*q + 7. What are the prime factors of t(4)?
199
Let m(b) = b**3 + 8*b**2 + 6*b - 8. Let d be m(-7). Let i be -1*(6 - (3 + d)). Let z(j) = j**2 + 3*j + 1. List the prime factors of z(i).
5
Let m = 192 + -106. What are the prime factors of m?
2, 43
Suppose -5*z + 8 = -6*z. Let m = z + 14. What are the prime factors of m?
2, 3
Suppose 4*z - 90 = z. What are the prime factors of z?
2, 3, 5
Suppose 4*k = -3*w + 651, 4*w - 153 = -3*k + 2*k. List the prime factors of k.
3, 5, 11
Let x = -3 - -3. Suppose 3*v + 9 - 69 = x. What are the prime factors of v?
2, 5
Let v = -15 + 11. Let l be (48/(-2))/(6/v). Suppose 2*z + l = 2*u, -u + 5*u = -z + 52. What are the prime factors of u?
2, 3
Suppose q + 4*u + 15 = 0, 5*q + 35 + 8 = -4*u. Let n = 12 + q. Suppose 5*a = 4*a + n. List the prime factors of a.
5
Let w be 0/(-1) - (-3 + 1). Suppose 4*i = -2 + 10. Suppose i*l - 4*g - 16 = 0, 2*l + w*l = -g + 41. What are the prime factors of l?
2, 5
Suppose 0 = -4*d + b + 24 + 302, -3*b + 252 = 3*d. List the prime factors of d.
2, 41
Suppose 3*a + 2*a = -u + 25, 0 = -5*u + 5*a - 25. Let k be 5 - 3/(u + -3). Let s(z) = -z**3 + 6*z**2 - z + 8. List the prime factors of s(k).
2
Suppose 30*j - 504 = 22*j. What are the prime factors of j?
3, 7
Suppose 41 + 79 = 4*f. What are the prime factors of f?
2, 3, 5
Let u(r) = -4*r**2 + r**3 + r**2 + 7*r**2 - 7*r - 3. Let t = 18 + -23. List the prime factors of u(t).
7
What are the prime factors of 4 + -3 + (39 - 2)?
2, 19
Let c be (-2 + 2)/(-3 - -2). Suppose 4*d - 2*f - 144 = -0, c = -d - f + 39. List the prime factors of d.
37
Let h(k) = 33*k**2 + k - 1. What are the prime factors of h(-2)?
3, 43
Let y(p) = p**2. Let l(c) = 20*c - 19. Let k(u) = -7*u + 6. Let x(n) = -17*k(n) - 6*l(n). Let b be x(10). List the prime factors of y(b).
2
Let t(r) = -r**3 - 1. Let c(n) = -25*n**3 + n**2 - n - 2. Let j(p) = c(p) - t(p). List the prime factors of j(-1).
5
Suppose -q - 315 = -2*q + 5*g, 5*q - 5*g = 1635. List the prime factors of q.
2, 3, 5, 11
List the prime factors of (-292)/(-18) + 1 - 2/9.
17
Let z = 3 - -2. What are the prime factors of z?
5
Let a be 4/(-18) - (-20)/9. Suppose -6*g + g + c + 36 = 0, a*g = -4*c + 32. Let f(w) = w - 2. What are the prime factors of f(g)?
2, 3
Let x = -58 + 31. Let r be (-4)/(-6)*x/(-6). What are the prime factors of 8 + 6/r + -1?
3
Suppose 0 = 6*f + f - 805. What are the prime factors of f?
5, 23
Let h(v) = v**2 + v - 8. Let g be h(-4). Suppose 3*z + g = 4*z. What are the prime factors of z?
2
Let d = 110 + -27. What are the prime factors of d?
83
Let z = 83 + -38. List the prime factors of z.
3, 5
Suppose 8*v - 3*v = 10. What are the prime factors of v?
2
Suppose -3*p + 5*p = 0. Suppose 3*a - 7*a + 52 = p. List the prime factors of a.
13
Let x(o) = -o**2 - 8*o - 9. List the prime factors of x(-6).
3
Suppose -n = 5*d + 34, 24 = -0*d - 2*d - 3*n. List the prime factors of 32/3*d/(-4).
2
Suppose -3*n = 3, 0*n = 2*h + 3*n - 11. Let k = h + 1. List the prime factors of k - (2 - (2 - 0)).
2
What are the prime factors of 21/2 + (-5)/10?
2, 5
Let a(r) = -7*r**2 - 1. Let h be a(-1). Let f = h - -12. List the prime factors of (6/3 + f)/2.
3
Let l be -3*(-1)/3 + -2. Let u = 2 + l. What are the prime factors of (0 - (-9 + 1)) + u?
3
Let s be 6/(2 - (-21)/(-12)). Let u(x) = x**3 + 4*x**2 - x + 6. Let p be u(-5). Let t = s + p. List the prime factors of t.
2, 5
Let m(u) = -u + 6. Let x be m(-5). Let q = x + -5. What are the prime factors of q?
2, 3
Let v(c) be the second derivative of c**6/720 + 7*c**5/120 + c**4/6 + c. Let r(k) be the third derivative of v(k). List the prime factors of r(0).
7
Suppose 3*n = -n - 4, 4*t = 3*n + 111. List the prime factors of t.
3
Let f = -16 - -84. List the prime factors of f.
2, 17
Let p be (-2)/(1*(-1)/11). Suppose 5*s - p = 3*z, 2*z + z - 23 = -4*s. Suppose -v = -z, i - 3*v = v + 8. List the prime factors of i.
2, 3
Let y(j) = 20*j + 22. List the prime factors of y(7).
2, 3
Let y be (-2)/(-1) + (-1 - -1). Suppose y*k - 9 - 15 = -4*n, 2*k = 5*n - 12. Let b(m) = m**2 - 2*m + 1. What are the prime factors of b(k)?
3
Let c(u) = u - 4. Let l = 10 + -14. Let s(a) = 9*a - 33. Let b(f) = l*s(f) + 33*c(f). List the prime factors of b(-1).
3
Suppose 0 = 4*c - 5*v + v, 5*c + v = 0. Let r be (9 - 1)*1 + c. List the prime factors of r/(-6)*(-27)/6.
2, 3
Let n(d) = d**3 - d**2 + 3. Let c be n(0). Suppose 0 = f - c*f + 22. List the prime factors of f.
11
Let r = 104 + -153. Let d = r + 81. What are the prime factors of d?
2
Let w(c) = c**3 - 4*c**2 - 5*c + 4. What are the prime factors of w(5)?
2
Let m be 0*((-7)/2)/(-7). Suppose 4*b + m*b - 72 = 0. List the prime factors of b.
2, 3
Let z be 80/(-6) - 2/(-6). List the prime factors of (-4 - -2) + (-3 - z).
2
Let r be (-2)/(-6)*(2 + 1). Let i be (r - 0/(-1))*28. Let x = i - 16. List the prime factors of x.
2, 3
Let q(a) = 3*a**2 + 3*a - 1. Let g be q(2). Let x = g + -5. List the prime factors of x.
2, 3
Let m = -4 + 9. Suppose 3*x + 2 = m*t + 1, -4*x + 42 = 2*t. What are the prime factors of x?
2
Let c(r) = r**3 - 5*r**2 + 11*r - 10. Let d be c(4). Let f(y) = -3*y**3 - 2*y**2 + 1. Let g be f(-1). Let j = g + d. List the prime factors of j.
2, 5
Suppose 4*c - 8*n = -4*n + 224, -3*n = -5*c + 286. List the prime factors of c.
59
Let b(j) = -47*j**2 - 3*j - 1. Let d(m) = -m. Let s(q) = -b(q) + 3*d(q). List the prime factors of s(1).
2, 3
Let k(i) = -8*i - 9. Let x(w) = -7*w - 8. Let u(q) = -6*k(q) + 7*x(q). Let o(f) = f**3 - 3*f**2 + f - 2. Let r be o(2). What are the prime factors of u(r)?
2
Let v = 90 + -40. What are the prime factors of v?
2, 5
Suppose -2*p - p + 9 = 0. Let q(v) = 8*v - 4. What are the prime factors of q(p